mmon divisor of 2198 and 14.
14
What is the highest common factor of 6915 and 45?
15
What is the greatest common factor of 632 and 1027?
79
Calculate the greatest common divisor of 261 and 5829.
87
What is the greatest common factor of 52 and 962?
26
What is the highest common factor of 490 and 20?
10
Calculate the highest common divisor of 22204 and 91.
91
What is the highest common factor of 108 and 6276?
12
What is the highest common factor of 21 and 987?
21
Calculate the greatest common factor of 13 and 221.
13
What is the highest common factor of 3945 and 15?
15
Calculate the greatest common factor of 585 and 3081.
39
What is the greatest common factor of 776 and 16?
8
Calculate the highest common divisor of 2121 and 202.
101
Calculate the greatest common factor of 47640 and 60.
60
What is the highest common factor of 19864 and 104?
104
Calculate the highest common divisor of 828 and 504.
36
Calculate the greatest common factor of 1632 and 510.
102
What is the greatest common divisor of 2710 and 10?
10
What is the highest common divisor of 5539 and 87?
29
Calculate the highest common factor of 5995 and 25.
5
Calculate the greatest common factor of 1081 and 2139.
23
Calculate the greatest common divisor of 465 and 23405.
155
What is the greatest common divisor of 6265 and 35?
35
Calculate the highest common divisor of 1826 and 22.
22
What is the highest common divisor of 7625 and 61?
61
What is the greatest common divisor of 9273 and 33?
33
What is the greatest common divisor of 33 and 6?
3
Calculate the highest common factor of 12 and 1980.
12
Calculate the highest common divisor of 243 and 108.
27
Calculate the highest common factor of 21 and 1701.
21
Calculate the greatest common divisor of 108 and 60.
12
Calculate the greatest common divisor of 4016 and 8.
8
What is the greatest common factor of 8694 and 46?
46
What is the highest common divisor of 1359 and 45?
9
What is the highest common factor of 88 and 1342?
22
Calculate the highest common divisor of 51 and 7276.
17
Calculate the highest common divisor of 10620 and 120.
60
Calculate the highest common factor of 81 and 5247.
9
What is the highest common divisor of 14200 and 80?
40
What is the highest common factor of 665 and 28?
7
Calculate the greatest common divisor of 517 and 47.
47
What is the highest common factor of 7 and 511?
7
What is the highest common divisor of 9 and 333?
9
What is the greatest common factor of 79 and 316?
79
What is the greatest common divisor of 697 and 153?
17
What is the highest common divisor of 2187 and 9?
9
What is the greatest common divisor of 111 and 111?
111
Calculate the highest common factor of 98 and 3192.
14
Calculate the greatest common factor of 84 and 1956.
12
What is the greatest common divisor of 38 and 57?
19
Calculate the highest common divisor of 104 and 364.
52
What is the greatest common divisor of 28 and 1316?
28
Calculate the highest common factor of 16 and 16.
16
What is the greatest common divisor of 498 and 83?
83
What is the highest common factor of 16 and 88?
8
Calculate the greatest common factor of 448 and 7.
7
What is the greatest common divisor of 120 and 280?
40
Calculate the highest common divisor of 43 and 12599.
43
Calculate the greatest common divisor of 3213 and 189.
189
What is the greatest common factor of 19 and 26011?
19
What is the greatest common divisor of 24 and 26088?
24
What is the highest common divisor of 1110 and 259?
37
Calculate the highest common divisor of 120 and 1060.
20
Calculate the highest common factor of 19 and 95.
19
Calculate the greatest common divisor of 4329 and 3.
3
Calculate the highest common factor of 6790 and 35.
35
What is the greatest common divisor of 75 and 875?
25
What is the greatest common factor of 82 and 1517?
41
Calculate the highest common factor of 648 and 24.
24
Calculate the greatest common divisor of 948 and 12.
12
Calculate the highest common factor of 5002 and 122.
122
What is the greatest common factor of 352 and 154?
22
Calculate the highest common factor of 31 and 124.
31
What is the greatest common factor of 4215 and 30?
15
Calculate the greatest common factor of 93 and 155.
31
What is the greatest common factor of 15 and 285?
15
Calculate the highest common divisor of 2744 and 168.
56
What is the highest common factor of 195 and 45?
15
Calculate the greatest common divisor of 119 and 68.
17
Calculate the highest common factor of 52 and 68.
4
What is the greatest common divisor of 2006 and 354?
118
What is the greatest common factor of 123 and 82?
41
Calculate the highest common divisor of 8640 and 1350.
270
Calculate the highest common factor of 9870 and 30.
30
What is the greatest common divisor of 33 and 1122?
33
Calculate the greatest common divisor of 16080 and 480.
240
What is the highest common factor of 34 and 238?
34
What is the highest common factor of 90 and 720?
90
What is the greatest common divisor of 240 and 40320?
240
What is the greatest common factor of 70 and 70?
70
Calculate the highest common factor of 1950 and 60.
30
Calculate the highest common factor of 264 and 66.
66
Calculate the greatest common divisor of 10220 and 280.
140
Calculate the greatest common divisor of 180 and 40.
20
Calculate the greatest common factor of 143 and 26.
13
What is the highest common divisor of 32488 and 248?
248
Calculate the highest common factor of 6193 and 22.
11
Calculate the highest common divisor of 88 and 275.
11
Calculate the highest common factor of 822 and 6.
6
What is the highest common factor of 473 and 4?
1
What is the highest common factor of 28446 and 66?
66
Calculate the greatest common factor of 24 and 1120.
8
What is the highest common divisor of 12 and 5334?
6
What is the greatest common divisor of 1288 and 966?
322
Calculate the highest common divisor of 63 and 476.
7
Calculate the highest common factor of 1386 and 9.
9
What is the highest common factor of 35 and 65?
5
What is the highest common divisor of 16975 and 1050?
175
What is the greatest common divisor of 2772 and 2016?
252
What is the highest common divisor of 957 and 33?
33
Calculate the greatest common factor of 1253 and 4296.
179
What is the highest common factor of 85 and 10?
5
Calculate the highest common divisor of 35 and 895.
5
What is the greatest common divisor of 37 and 5069?
37
What is the highest common divisor of 5 and 335?
5
Calculate the highest common factor of 129 and 946.
43
Calculate the greatest common factor of 85 and 98855.
85
What is the highest common divisor of 2748 and 12?
12
What is the highest common factor of 16 and 240?
16
Calculate the greatest common divisor of 352 and 1936.
176
Calculate the greatest common factor of 32 and 656.
16
Calculate the highest common factor of 41 and 4.
1
Calculate the highest common divisor of 1312 and 96.
32
What is the greatest common factor of 5121 and 9?
9
Calculate the highest common factor of 44 and 396.
44
Calculate the highest common factor of 12 and 2600.
4
Calculate the greatest common divisor of 105 and 1435.
35
Calculate the greatest common divisor of 6 and 78.
6
What is the greatest common divisor of 65 and 1105?
65
What is the highest common divisor of 42 and 525?
21
What is the greatest common factor of 1768 and 156?
52
What is the greatest common divisor of 80 and 120?
40
What is the highest common divisor of 625 and 125?
125
What is the highest common factor of 72 and 342?
18
Calculate the highest common divisor of 1037 and 61.
61
Calculate the highest common factor of 26897 and 13.
13
What is the highest common divisor of 1100 and 5060?
220
Calculate the highest common factor of 132 and 1100.
44
What is the highest common factor of 36 and 9?
9
What is the highest common divisor of 7692 and 84?
12
What is the highest common divisor of 329 and 21?
7
Calculate the greatest common factor of 195 and 26.
13
What is the greatest common divisor of 1 and 324?
1
Calculate the greatest common divisor of 170 and 155.
5
Calculate the highest common factor of 5 and 355.
5
Calculate the highest common divisor of 90 and 1545.
15
What is the greatest common factor of 11 and 14641?
11
What is the greatest common divisor of 588 and 252?
84
What is the highest common divisor of 63 and 238?
7
Calculate the highest c